 = -z**3 + z**2 - z + 171. Let b be j(0). Suppose -3*n = -b - 384. Is n a composite number?
True
Let x = 2 - -3. Let n(w) = 11*w + 4. Is n(x) composite?
False
Let g be (-1)/(2*(-3)/30). Let u(v) = -v**3 + 2*v**2 + 3*v - 3. Let j be u(g). Is j/(-6)*(2 - 0) prime?
False
Let i be 8*(2 + 15/(-4)). Let v be -1*i/(-2)*-1. Is v + 3 + -1 + -2 a composite number?
False
Let m = 19 - 6. Suppose -6*f = -2*f + d - 19, 4*f - m = d. Suppose 50 = f*w - 210. Is w prime?
False
Let j(t) = 2*t + 4. Let m be j(-3). Let i = m + 0. Is ((-7)/2)/(1/i) a prime number?
True
Let y = 6 - -1. Let p = -1 + -3. Let z = p + y. Is z a prime number?
True
Let w = 5 - 1. Suppose -1804 = -w*u - 256. Suppose -u = -3*m + 5*d - 2*d, -3*m + 2*d + 385 = 0. Is m a prime number?
True
Suppose 13*a = 8*a + 4865. Is a composite?
True
Let m be 136/40 - 2/5. Let w(h) = 8*h - 3. Is w(m) composite?
True
Let z = -9 + 18. Suppose 0 = 2*g + j - 6*j - 28, 5*j + z = g. Is g composite?
False
Let l(r) = 34*r - 3. Let p(s) = s - 1. Let z(t) = -l(t) + 4*p(t). Is z(-4) composite?
True
Suppose 8 = 4*y, 3*t + 2*y + 19 = y. Let c = -3 - t. Suppose -c*p + 159 = -p. Is p a prime number?
True
Suppose 0 = -m - 68 + 244. Suppose 0 = -n - 5, -n = l - 4*n - m. Is l a prime number?
False
Suppose -61*y + 1065 = -56*y. Is y prime?
False
Is (-1670)/(-50) - 4/10 a composite number?
True
Suppose 249 = -5*k - 101. Let a = k + 139. Suppose 0 = -2*r + r + a. Is r composite?
True
Suppose 2*q - 2331 = 791. Is q composite?
True
Let m be -1 - (-2 + -1 - -2). Suppose m*r + 1347 = 3*r. Is r composite?
False
Is ((-3372)/(-24))/((-1)/(-4)) a composite number?
True
Let r be 0/1 + (1 - -4). Suppose -4*s + 185 = r*g, 3*s + 119 = 4*g - 29. Is g prime?
True
Suppose 3*h - 3752 = 5*g, h = 3*g + 305 + 939. Is h a prime number?
True
Is 14229/12 - 1/(-4) a prime number?
False
Suppose 3*w + 20 = w. Let u be (-3)/9 - w/(-6). Is (79/(-2))/(1/u) composite?
False
Suppose -2*n - 2*d = -5*d - 70, d + 70 = 2*n. Is n composite?
True
Let o(f) be the second derivative of -7*f**3/3 + f**2/2 - f. Let x(k) = -k**3 + 16*k**2 + 2*k - 33. Let m be x(16). Is o(m) a prime number?
False
Suppose -3*x - 2*x = -155. Is x composite?
False
Suppose -3*l = l + g - 51, 0 = -5*l - 5*g + 75. Is 8/l - (-974)/6 a composite number?
False
Suppose -2*a = 4*a - 12. Let w(d) = 87*d**3 - d**2 + d. Is w(a) prime?
False
Is (-134)/(((-10)/(-7))/(-5)) a prime number?
False
Is 554/1*21/6 prime?
False
Let y(o) = o + 3. Let h be y(-3). Let w(p) = -p + 26. Let k be w(h). Let b = k - -11. Is b composite?
False
Let s(o) = 215*o**2 - o - 3. Is s(-1) a composite number?
True
Let d = 55 + -12. Is d prime?
True
Let d = 0 - 2. Let x = -1 - d. Suppose 2 = q - x. Is q prime?
True
Let r(b) = -b**2 + 5*b + 11. Let h be r(6). Suppose -4*u - 59 = -h*u. Is u a prime number?
True
Suppose 3*w - 157 = 2. Let n be w/2*(3 + -1). Is n + (0/2)/3 a composite number?
False
Let t be 2*(2 + 3/(-6)). Suppose 0*j - 5*a + 229 = t*j, -361 = -5*j + 2*a. Suppose 4*n = -m + 69, -m - 3*n + j = 2*n. Is m prime?
True
Suppose -n - 2585 = -6*n. Is n a composite number?
True
Suppose 7*r = 5*r + 1498. Is r prime?
False
Let y = 310 - 56. Is y prime?
False
Suppose 0 = -5*g + 4*g - 216. Let d = -121 - g. Is d composite?
True
Let v(x) = -x**2 - 7*x + 8. Let r be v(-8). Suppose p + r*p = 211. Is p composite?
False
Is (7/3)/(8/52872) composite?
True
Suppose -2*y + 812 = v, 3*y - 2*y - 4069 = -5*v. Suppose -5*r + 7*r = v. Is r prime?
False
Suppose g = 5, 0*r + r = 4*g - 18. Suppose -r*i + 336 = 3*c + 89, -5*i = 20. Is c a composite number?
True
Let h(j) be the first derivative of 0*j**2 + 0*j + 49/3*j**3 - 2. Is h(1) a composite number?
True
Suppose -q + 2 = 0, -s + 298 + 120 = 2*q. Suppose 2*m + s + 932 = 4*k, 683 = 2*k + m. Suppose k = a + 2*a. Is a composite?
False
Let a be 3 + 2*(-2)/4. Suppose 0 = -3*x - 2*v + 248, -a*v - 41 = -x + 31. Suppose 2*r - x + 12 = 0. Is r composite?
True
Suppose 0 = -l - 2*l + 1065. Is l prime?
False
Is 633/(-6)*-6*(-5)/(-15) a composite number?
False
Let h = -3 - -5. Suppose -h*q + 2*b - 4*b + 590 = 0, 3*q + 2*b - 885 = 0. Is q composite?
True
Suppose -830 = -4*u + 2838. Is u a prime number?
False
Suppose 3*m + 322 = 4*g, 2*m = g - 85 + 2. Is g composite?
False
Let w(b) = -b**3 - 13*b**2 + 21*b + 17. Is w(-16) composite?
False
Suppose 6*i - 2*i = 8. Let c = i - -29. Is c composite?
False
Let p(z) = -z**2 - 13*z + 7*z**2 - 2*z**2 - 3*z**2 - 9. Is p(-8) composite?
True
Let a(g) = -1 + 0*g**2 + g**2 - 2*g**2. Let y(d) = d. Let x(w) = -a(w) - 5*y(w). Is x(-4) a prime number?
True
Let x = 421 + -280. Is x prime?
False
Let i(d) = 15*d**2 - d + 7. Is i(-7) prime?
False
Suppose -4*z + 7*z - 921 = 0. Is z a prime number?
True
Suppose 0 = 2*r - 3*r + 879. Is r composite?
True
Let o be -2 + 1 - (-5)/1. Suppose o*w + w - 155 = 0. Is w a composite number?
False
Let f(t) = t**2 - 5*t + t + t**3 - 7 - 2*t + 2*t. Is f(5) composite?
True
Let h(u) = -118*u**2 + 1. Let w be h(-1). Let p = -38 - w. Is p prime?
True
Suppose z = l, 3*l - 2*z - 32 = -7*z. Suppose 0 = -l*o - 0*o + 76. Is o a prime number?
True
Let n = 2 + 2. Suppose 5*d = 3*p + 235, 8*d - 5*p - 201 = n*d. Let b = d + -25. Is b a composite number?
False
Let g be (6/7)/((-2)/(-28)). Suppose g - 2 = 5*n. Is n a composite number?
False
Suppose -9 = -4*r - 37. Let l(n) = -n**3 - 7*n**2 - 4. Let c be l(r). Is ((-4)/(-2))/(c/(-14)) composite?
False
Suppose 0*k + 72 = 4*k. Let h be 2/(14/k - 1). Is (6/h)/((-2)/993) a prime number?
True
Let i(r) = 31*r**3 - r. Let t be i(1). Let j = t + -21. Let d(x) = x**2 - 5*x - 3. Is d(j) a prime number?
False
Let v = 11 - 21. Let p(o) = 3 + 2*o + 0*o - 3*o - 7. Is p(v) a composite number?
True
Suppose -4*b = 302 + 206. Let w = 70 - b. Let o = w - 100. Is o a prime number?
True
Let p = 808 - 531. Suppose -p = -5*j + 408. Let s = j - -6. Is s composite?
True
Suppose 0*d - 370 = -2*d. Is d composite?
True
Suppose 0 = 4*g - 5*g. Suppose g = -3*p - 0*p + 159. Is p a composite number?
False
Let v = 3 + -1. Suppose 4*m - 15 = -4*f - 51, -59 = 5*m - v*f. Is 2/m + (-167)/(-11) a prime number?
False
Suppose 2*m - 1587 = -m. Is m composite?
True
Suppose -2*g - 3*z = z - 386, 576 = 3*g + 5*z. Is 1/((-2)/(-3 - g)) a composite number?
True
Suppose 0 = -3*p - 18 - 12. Is (2 - -1)*p/(-15) a prime number?
True
Let z be 1 - 3/(9/57). Is -2 + 2 - (z + -1) prime?
True
Let y(o) = o**2 - 8*o - 17. Is y(16) a composite number?
True
Let i = 635 - 303. Suppose 5*j = 9*j - i. Is j a prime number?
True
Let j be 43*(0 + -1 - 0). Let r = 74 + j. Is r a composite number?
False
Let j = -24 + 103. Is j prime?
True
Suppose 0 = 2*m + 2*t - 4*t - 38, -3*m + 33 = 5*t. Suppose -4*i = -m, -2*q - i - 226 = -7*q. Is q a composite number?
True
Let j be 2/8 + (-207)/(-4). Suppose -j = 3*c - 5*c. Is c composite?
True
Let n = -122 - -249. Is n composite?
False
Let a = 8 - 0. Let c = -2 + 0. Is (118/(-8))/(c/a) a prime number?
True
Let i = -6 - -4. Let c = i - -3. Suppose q - c - 1 = 0. Is q a composite number?
False
Let a = 12 - 9. Suppose 0 = a*p - 5*x - 663, 0*p - 4*x = p - 221. Is p prime?
False
Let s(c) = c**2 + c - 2. Let f be s(-6). Suppose -2*t - f = -6*t. Is t a prime number?
True
Let b be (-2)/(-7) - 1407/(-49). Suppose 0 = 5*o + 5*u - 5, 3 = 3*o - 0*u + 4*u. Suppose -o = -2*g + b. Is g prime?
False
Let f be (-108)/(-8)*(-4)/1. Let k = f + -45. Let a = k + 176. Is a composite?
True
Let s(p) = -33*p - 6. Let f be s(5). Let t = -50 - f. Is t a prime number?
False
Let w(b) = -3. Let c(u) = 17*u + 3. Let p(i) = 3*c(i) + 6*w(i). Let o(r) = 25*r - 4. Let s(k) = 7*o(k) - 3*p(k). Is s(2) composite?
False
Is ((-2)/(-6))/((-3)/(-4419)) composite?
False
Suppose 6*t = 7*t - 1. Suppose -3*v - j - t = 4*j, -4*j = 3*v - 1. Suppose 3*f = 2*g + 109, -77 = -3*f - 5*g - v. Is f composite?
True
Suppose -4*w = -1295 - 813. Is w a prime number?
False
Let w = 34 - 94. Let d = 31 - w. Is d a prime number?
False
Let d(b) = -b**3 - 7*b**2 + 2. Let f be d(-7). Let n(j) = j**3 - j + 1. Let q(v) = 2*v**3 - 2*v**2 - 3*v + 4. Let w(p) = 3*n(p) - q(p). Is w(f) composite?
True
Suppose b = 2*s - 3*b - 18, 3*b + 12 = 3*s. Is (7 - 2) + (-1)/s a composite number?
True
Let l = -11 + 5. Is l/18 + (-416)/(-6) a composite number?
True
Suppose -5*i + 20 = 0, 0 = 2*w + 3*i - 271 - 67. Is w prime?